 the ten thousands digit of 128715?
2
What is the hundreds digit of 27389?
3
What is the hundreds digit of 1532?
5
What is the tens digit of 450?
5
What is the tens digit of 38891?
9
What is the ten thousands digit of 48072?
4
What is the units digit of 553?
3
What is the thousands digit of 17759?
7
What is the hundreds digit of 32335?
3
What is the units digit of 234?
4
What is the tens digit of 3675?
7
What is the ten thousands digit of 24321?
2
What is the hundreds digit of 513?
5
What is the hundreds digit of 2074?
0
What is the units digit of 8988?
8
What is the tens digit of 259?
5
What is the units digit of 2848?
8
What is the tens digit of 1156?
5
What is the thousands digit of 16185?
6
What is the hundreds digit of 1275?
2
What is the tens digit of 80?
8
What is the units digit of 5337?
7
What is the hundreds digit of 30004?
0
What is the tens digit of 31172?
7
What is the units digit of 1463?
3
What is the tens digit of 641?
4
What is the units digit of 5599?
9
What is the units digit of 2955?
5
What is the units digit of 2271?
1
What is the units digit of 905?
5
What is the units digit of 6907?
7
What is the hundreds digit of 1478?
4
What is the thousands digit of 22051?
2
What is the thousands digit of 21588?
1
What is the tens digit of 19770?
7
What is the units digit of 2408?
8
What is the thousands digit of 4434?
4
What is the hundreds digit of 2896?
8
What is the units digit of 1744?
4
What is the units digit of 10488?
8
What is the thousands digit of 54996?
4
What is the tens digit of 11936?
3
What is the thousands digit of 26330?
6
What is the hundred thousands digit of 141599?
1
What is the tens digit of 7209?
0
What is the thousands digit of 13474?
3
What is the hundreds digit of 42086?
0
What is the thousands digit of 18383?
8
What is the thousands digit of 11741?
1
What is the units digit of 2084?
4
What is the tens digit of 189?
8
What is the units digit of 255?
5
What is the tens digit of 5786?
8
What is the tens digit of 662?
6
What is the hundreds digit of 106074?
0
What is the thousands digit of 80826?
0
What is the hundreds digit of 50329?
3
What is the thousands digit of 10071?
0
What is the units digit of 35?
5
What is the units digit of 11208?
8
What is the tens digit of 7563?
6
What is the units digit of 4318?
8
What is the hundreds digit of 25634?
6
What is the units digit of 2858?
8
What is the units digit of 206?
6
What is the tens digit of 40126?
2
What is the thousands digit of 10411?
0
What is the hundreds digit of 2546?
5
What is the tens digit of 1829?
2
What is the thousands digit of 97616?
7
What is the units digit of 30?
0
What is the thousands digit of 1307?
1
What is the tens digit of 95?
9
What is the hundreds digit of 1170?
1
What is the tens digit of 3421?
2
What is the units digit of 2246?
6
What is the tens digit of 7073?
7
What is the hundreds digit of 44337?
3
What is the units digit of 28315?
5
What is the ten thousands digit of 43104?
4
What is the units digit of 5643?
3
What is the units digit of 2550?
0
What is the thousands digit of 4302?
4
What is the ten thousands digit of 10368?
1
What is the ten thousands digit of 37426?
3
What is the units digit of 4459?
9
What is the hundreds digit of 99796?
7
What is the tens digit of 55?
5
What is the ten thousands digit of 30677?
3
What is the tens digit of 19986?
8
What is the ten thousands digit of 15886?
1
What is the units digit of 513?
3
What is the ten thousands digit of 83199?
8
What is the units digit of 2757?
7
What is the thousands digit of 1879?
1
What is the ten thousands digit of 104762?
0
What is the units digit of 1960?
0
What is the tens digit of 237?
3
What is the tens digit of 46567?
6
What is the units digit of 6928?
8
What is the units digit of 1718?
8
What is the units digit of 2798?
8
What is the ten thousands digit of 27425?
2
What is the hundreds digit of 2142?
1
What is the hundreds digit of 3506?
5
What is the hundreds digit of 875?
8
What is the units digit of 9423?
3
What is the hundreds digit of 2523?
5
What is the hundreds digit of 621?
6
What is the units digit of 31761?
1
What is the hundreds digit of 999?
9
What is the tens digit of 1248?
4
What is the ten thousands digit of 10113?
1
What is the tens digit of 81633?
3
What is the units digit of 86139?
9
What is the hundreds digit of 42419?
4
What is the thousands digit of 3988?
3
What is the tens digit of 46191?
9
What is the hundreds digit of 15779?
7
What is the thousands digit of 1791?
1
What is the hundreds digit of 825?
8
What is the hundreds digit of 2978?
9
What is the tens digit of 2555?
5
What is the hundreds digit of 50551?
5
What is the ten thousands digit of 112798?
1
What is the hundreds digit of 5995?
9
What is the ten thousands digit of 12992?
1
What is the thousands digit of 5342?
5
What is the tens digit of 4210?
1
What is the thousands digit of 11540?
1
What is the hundreds digit of 3667?
6
What is the thousands digit of 1118?
1
What is the hundreds digit of 9253?
2
What is the units digit of 2369?
9
What is the thousands digit of 15057?
5
What is the thousands digit of 5917?
5
What is the tens digit of 5485?
8
What is the units digit of 23243?
3
What is the units digit of 2?
2
What is the tens digit of 1091?
9
What is the thousands digit of 2101?
2
What is the tens digit of 91170?
7
What is the ten thousands digit of 142275?
4
What is the tens digit of 22376?
7
What is the units digit of 2747?
7
What is the units digit of 1485?
5
What is the thousands digit of 4026?
4
What is the thousands digit of 6779?
6
What is the thousands digit of 3828?
3
What is the units digit of 1669?
9
What is the thousands digit of 3471?
3
What is the hundreds digit of 1631?
6
What is the units digit of 440?
0
What is the hundreds digit of 566?
5
What is the hundreds digit of 4323?
3
What is the thousands digit of 57519?
7
What is the thousands digit of 156657?
6
What is the thousands digit of 1682?
1
What is the tens digit of 2031?
3
What is the thousands digit of 1118?
1
What is the units digit of 3115?
5
What is the tens digit of 6392?
9
What is the units digit of 44938?
8
What is the tens digit of 7456?
5
What is the thousands digit of 16637?
6
What is the ten thousands digit of 24234?
2
What is the tens digit of 64?
6
What is the tens digit of 13057?
5
What is the units digit of 3401?
1
What is the tens digit of 75733?
3
What is the units digit of 56531?
1
What is the ten thousands digit of 18453?
1
What is the thousands digit of 1025?
1
What is the thousands digit of 5356?
5
What is the thousands digit of 2969?
2
What is the tens digit of 2402?
0
What is the tens digit of 3333?
3
What is the ten thousands digit of 16156?
1
What is the hundreds digit of 90078?
0
What is the tens digit of 28138?
3
What is the hundreds digit of 961?
9
What is the hundreds digit of 39917?
9
What is the hundreds digit of 892?
8
What is the thousands digit of 5561?
5
What is the tens digit of 73592?
9
What is the hundreds digit of 5600?
6
What is the ten thousands digit of 147153?
4
What is the hundreds digit of 20184?
1
What is the tens digit of 1945?
4
What is the hundreds digit of 2148?
1
What is the thousands digit of 55039?
5
What is the units digit of 27553?
3
What is the tens digit of 463?
6
What is the hundreds digit of 520?
5
What is the thousands digit of 1108?
1
What is the tens digit of 237?
3
What is the units digit of 383?
3
What is the thousands digit of 18741?
8
What is the tens digit of 20596?
9
What is the hundreds digit of 26112?
1
What is the hundreds digit of 1203?
2
What is the hundreds digit of 25053?
0
What is the ten thousands digit of 22412?
2
What is the ten thousands digit of 85656?
8
What is the hundreds digit of 28903?
9
What is the hundreds digit of 1998?
9
What is the ten thousands digit of 44814?
4
What is the units digit of 44050?
0
What is the hundreds digit of 266?
2
What is the thousands digit of 118226?
8
What is the units digit of 27?
7
What is the units digit of 2658?
8
What is the thousands digit of 12792?
2
What is the hundreds digit of 90566?
5
What is the hundreds digit of 7477?
4
What is the units digit of 533?
3
What is the thousands digit of 3970?
3
What is the units digit of 108636?
6
What is the thousands digit of 3240?
3
What is 